j**2 - j + 1. Let q(y) = c(y) - 3*s(y). Let g be q(3). Suppose 10*o - 7*o = g. What is the tens digit of o?
1
Let a(u) = -u**3 - 4*u**2 + 24*u + 14. Let o(l) = -3*l**2 + 22*l + 7. Let p be o(8). What is the tens digit of a(p)?
0
Suppose 19*i - 17821 = 1673. Suppose -5*t = -i + 381. What is the tens digit of t?
2
Let y(j) = -6*j**2 - 15*j**2 + 41*j**2 - 1 - 17*j - 14*j**2. What is the units digit of y(5)?
4
Let p be (2 + -4)/(2/(-77)). Suppose 5*k - 387 = -4*k. Let f = p - k. What is the tens digit of f?
3
Let p(x) = -287*x + 18. What is the hundreds digit of p(-3)?
8
Let k = 2851 - 1289. What is the thousands digit of k?
1
Suppose 2*s = -0*s + 216. Suppose 0 = -5*q + 37 + s. What is the tens digit of q?
2
Let z(u) = u**2 - u - 3. Let m = 23 - 27. Let i be z(m). Suppose -i = 4*l - 157. What is the units digit of l?
5
What is the hundreds digit of (-23 - -13)*20065/(-50)?
0
Let x(q) be the second derivative of -q**5/20 + q**4/12 - q**3/6 + 8*q**2 + 2*q. Suppose 5*f - 2*f = 0. What is the units digit of x(f)?
6
Let r(g) be the first derivative of g**4/2 + 7*g**3/3 + 5*g**2/2 + 2*g + 7. Let a be r(-4). Let t = 47 + a. What is the units digit of t?
3
What is the thousands digit of (-21 - -508)/(2/16)?
3
Let s(y) = 98*y - 4. Let n be s(4). Suppose 3*l + 52 = n. What is the tens digit of l?
1
Suppose -2*x + 4 = -0. Let i = 142 + -142. Suppose -t + 18 - x = i. What is the units digit of t?
6
Suppose -5*m + 2114 + 1480 = 2*i, 3*i + 9 = 0. What is the units digit of m?
0
Suppose 10*j - 11*j = 3*u - 2231, 0 = -u - 4. What is the tens digit of j?
4
Suppose -4*m - 2*m + 4860 = 0. What is the hundreds digit of m?
8
Suppose -4*q - 6*r = -3*r + 3, -5*q + 3*r = -3. Let g(l) = l**3 + 2*l**2 + 2*l + 67. What is the tens digit of g(q)?
6
What is the hundreds digit of (-48)/6 + (-5 - -984)?
9
Let v = 246 + -182. What is the tens digit of v?
6
Suppose 2*r = 459 - 53. What is the units digit of r?
3
Let b(r) = r**3 + 7*r**2 - 11*r - 12. Let c be b(-8). Let w = 14 - c. Suppose 0 = -k - 4*k - 4*z + 124, 48 = w*k + 2*z. What is the units digit of k?
8
Let n be 0 + -1 - (16 - 9). What is the hundreds digit of (-2)/n + (1788/16 - -2)?
1
What is the units digit of (-11)/((-121)/12516) + 38/209?
8
What is the hundreds digit of 486 - 3*12/(-6)?
4
Suppose -2*l - 17*n = -21*n - 382, -3 = n. What is the units digit of l?
5
Suppose 2741 = 3*q - 8*c + 10*c, 5*q - 4567 = -3*c. What is the units digit of q?
1
Suppose 5*s = 2*v - 0*s + 502, 3*s - 6 = 0. Let d = v + -118. What is the tens digit of d/65*10/(-4)?
1
Suppose u - 5 = -3. Suppose -m - u*r = 4*m - 201, 2*m - r = 75. What is the units digit of m?
9
Let s = 3 + 7. What is the tens digit of (256/(-4))/((-5)/s)?
2
Suppose -2*i + 88 - 8 = 0. Suppose 0 = -2*s + 6*s - i. What is the tens digit of s?
1
What is the thousands digit of (-21743)/(-6) - 9/((-540)/(-50))?
3
Suppose -14*s + 10948 = -5894. What is the tens digit of s?
0
Let p = -91 - -113. Let d = 238 - p. What is the units digit of d?
6
Let l = -31 + 25. What is the tens digit of (-7)/21 - 800/l?
3
Let r(s) = -2*s**2 - s - 2. Let o be r(2). Suppose 0 = 4*d + 26 + 14. What is the units digit of (o/d)/((-4)/(-70))?
1
Suppose 7*d - 3818 = 3497. What is the thousands digit of d?
1
Suppose -305 - 31 = -7*s. Let z = s - -7. What is the tens digit of z?
5
Suppose -2*j + 27 = -29. Suppose -3*v - 2 = 5*c - 15, 4*c = 4*v + 4. Suppose -c*r = -4*r + j. What is the units digit of r?
4
Let z(y) = 4*y**2 + 18*y - 17. Let n(i) = -5*i**2 - 19*i + 16. Let s(q) = -6*n(q) - 7*z(q). What is the tens digit of s(7)?
3
Suppose -f = z - 3, -4*f - 23 = -3*z - 0. Let b = 30 + -15. Suppose 0 = 4*q + 3*s - z*s - 4, -b = -q - 3*s. What is the units digit of q?
3
Suppose 0 = 3*y + 6*i - i - 605, i = -3*y + 613. What is the hundreds digit of y?
2
Let v(x) = x**2 + 4*x**3 + 3*x - 3*x**2 - 6*x**3 + 3*x**3 - 2. Let p be v(2). What is the tens digit of 1*(-3 + p + 26)?
2
Let f = 1524 - 1083. What is the tens digit of f?
4
Suppose -5*k = -0*k. Suppose k = -0*b + 4*b. Suppose b*f = 4*f - 16. What is the units digit of f?
4
Suppose -4*w + 0*w - 8 = 0. Let l be (-3*25)/(w/4). Suppose i - 2*j + l = 5*i, 4*j = 5*i - 207. What is the tens digit of i?
3
Suppose -2*r + 0*g + g = -354, -2*g + 8 = 0. Suppose -10*y + 151 + r = 0. What is the units digit of y?
3
Let q = -34 - -166. Suppose 27 - q = -5*h. What is the units digit of h?
1
Let l(a) = 37*a + 116. What is the hundreds digit of l(22)?
9
Let t = -718 - -1370. What is the tens digit of t?
5
Let s(v) = 2*v**2 + v. What is the hundreds digit of s(7)?
1
Let a be ((-4)/(-6))/(24/(-2124)). Let j = -25 - a. What is the units digit of j?
4
Suppose 2*f - 6 = -0*f. Suppose -2*y + 7*h + 382 = 3*h, -y + f*h + 195 = 0. What is the hundreds digit of y?
1
Let p(c) = c**2 + c - 3. Let q be p(-3). Suppose 2*l - 4*f - 52 = 0, 3*f = -q*l + 35 + 70. What is the tens digit of l?
3
Let n = 878 - 876. Let k(f) be the third derivative of f**5/20 + f**4/12 + f**3/6 - f**2. What is the units digit of k(n)?
7
Suppose 2*y + 2 = -4*h, 4*h - 7 = -2*y + 3*y. Let l(w) = 4*w**3 + w**2 - 1. Let n be l(h). Suppose n*t + 112 = 8*t. What is the tens digit of t?
2
Suppose -2*b - 1 = 3*w, 2*b + 2 = -w + 3. Suppose -b = 2*f - 5*a - 61, -5*f - 5*a = -80. What is the units digit of f?
0
Let z = 10 - 10. Suppose 4*v - 9 - 43 = z. What is the units digit of v?
3
Let n(i) = -i**2 - 4*i - 2. Suppose j = 2*j + 3. Let v be n(j). Suppose 0*q = -q + v. What is the units digit of q?
1
Let l(r) = -4*r - 34. Let d be l(-9). Suppose -4*c + 4*v + 0*v = -1044, 4*c + d*v - 1044 = 0. What is the hundreds digit of c?
2
Let n(m) = -m + 6. Let f(b) = 2*b**2 + b. Let z be f(1). Let g be n(z). Suppose 4*u - g*o = 56, -u + 3*o = -3*u + 46. What is the tens digit of u?
1
Let h = 1056 - 716. What is the hundreds digit of h?
3
Let z(d) be the second derivative of 20*d**3 - d**2/2 + 39*d. What is the hundreds digit of z(2)?
2
Let o = 228 - -294. What is the tens digit of o?
2
Suppose 5*k = 3*q - 29, 7*q - 4*q + k = 5. What is the units digit of 1630/30 + q/(-9)?
4
What is the tens digit of 11886/45 + 10/(-75)?
6
Suppose -18*i = -22*i + 56. Suppose i*v - 1701 = 5*v. What is the hundreds digit of v?
1
Let a = 12 + -3. Suppose 3*g - 43 = -5*f, -f + 5*g - 13 = -44. Suppose -18 = -f*u + a*u. What is the units digit of u?
9
Let k(i) = -2*i**2 - 5. Let a be k(-3). Let h = -9 - a. What is the units digit of h?
4
Suppose -53068 = -27*y - 18967. What is the hundreds digit of y?
2
Let p = -52 - -136. Suppose -9*m - p = -2577. What is the tens digit of m?
7
Let d(l) = l**3 - 6*l**2 + 5. Let o be d(4). Let i be o/12*(-128)/6. Let a = i + -16. What is the units digit of a?
2
Let j(p) be the first derivative of 2*p**3/3 - 2*p**2 + 9*p - 3. Let u be j(4). Suppose -t + u = -0*t. What is the units digit of t?
5
Let c(i) = 28*i + 792. What is the tens digit of c(51)?
2
Suppose 8*q + q = 27. Let m(d) = 33*d - 36. What is the units digit of m(q)?
3
Suppose -8*l + 4*l = -556. Suppose 2*h + 4*a - 40 = -2, 5*h - a = l. What is the tens digit of h?
2
Let v = 2216 - 1387. What is the units digit of v?
9
Let r be 8 + (-2)/((-4)/(-6)). Suppose 2*g = 4*c - 62, r*c - 27 = 4*g + 52. Let m(j) = -j**3 + 16*j**2 - 12*j - 13. What is the tens digit of m(c)?
3
What is the units digit of (4/3)/((-76)/(-160512))?
6
Let k be -4 + 2/3*30. Suppose -5*x = -k - 19. What is the units digit of x?
7
Let b = -31 + 28. Let s(w) = -2*w**3 - 4*w**2 - 7*w - 5. Let t(y) = 3*y**3 + 5*y**2 + 8*y + 6. Let m(p) = -4*s(p) - 3*t(p). What is the tens digit of m(b)?
2
Let n = -48 - -59. What is the units digit of 2/n + 4390/55?
0
What is the hundreds digit of -9 + 15900/12 + -7?
3
Suppose -12 - 33 = 5*w. Let d be ((-48)/10)/(w/60). Suppose 2*i + 3*k + d = 4*i, -3*k + 25 = i. What is the tens digit of i?
1
Suppose -182 = -5*j + 668. What is the hundreds digit of j?
1
Suppose 3*d - o + 0*o = -1, 0 = -4*d - 5*o + 5. Suppose -2*l = -d*c + 3*c - 32, -3*c = -5*l - 4. Let w(r) = r**3 - 8*r**2 + 6. What is the units digit of w(c)?
6
Let q = 36 + -12. Suppose -4*n - q = -i, 4*n - 64 - 8 = -5*i. Suppose 2*l + 2 - i = 0. What is the units digit of l?
7
What is the hundreds digit of 4/(-18) - (-710760)/540?
3
Let m = 249 + -157. Suppose -m - 364 = -4*l. What is the hundreds digit of l?
1
Let 